he prime factors of 69596?
2, 127, 137
What are the prime factors of 49978?
2, 24989
What are the prime factors of 11841?
3, 3947
What are the prime factors of 7459?
7459
What are the prime factors of 6470?
2, 5, 647
List the prime factors of 2999.
2999
What are the prime factors of 1827?
3, 7, 29
List the prime factors of 3205.
5, 641
What are the prime factors of 54855?
3, 5, 23, 53
What are the prime factors of 8577?
3, 953
What are the prime factors of 48220?
2, 5, 2411
List the prime factors of 33267.
3, 13, 853
What are the prime factors of 705?
3, 5, 47
What are the prime factors of 57757?
7, 37, 223
List the prime factors of 61306.
2, 7, 29, 151
List the prime factors of 105554.
2, 89, 593
What are the prime factors of 124803?
3, 7, 283
List the prime factors of 3197.
23, 139
List the prime factors of 3094.
2, 7, 13, 17
List the prime factors of 259.
7, 37
What are the prime factors of 3060?
2, 3, 5, 17
What are the prime factors of 2183?
37, 59
List the prime factors of 1115.
5, 223
List the prime factors of 3939.
3, 13, 101
What are the prime factors of 71424?
2, 3, 31
What are the prime factors of 12990?
2, 3, 5, 433
What are the prime factors of 70885?
5, 14177
List the prime factors of 1098.
2, 3, 61
What are the prime factors of 16316?
2, 4079
List the prime factors of 168106.
2, 84053
List the prime factors of 1221.
3, 11, 37
What are the prime factors of 2700?
2, 3, 5
What are the prime factors of 75501?
3, 8389
What are the prime factors of 1292?
2, 17, 19
What are the prime factors of 16103?
16103
What are the prime factors of 1120?
2, 5, 7
What are the prime factors of 21468?
2, 3, 1789
What are the prime factors of 27771?
3, 9257
List the prime factors of 4296.
2, 3, 179
List the prime factors of 1628.
2, 11, 37
What are the prime factors of 33988?
2, 29, 293
What are the prime factors of 6061?
11, 19, 29
What are the prime factors of 23716?
2, 7, 11
List the prime factors of 5883.
3, 37, 53
What are the prime factors of 2065?
5, 7, 59
List the prime factors of 29336.
2, 19, 193
List the prime factors of 548.
2, 137
What are the prime factors of 15329?
15329
List the prime factors of 18191.
18191
List the prime factors of 1668.
2, 3, 139
List the prime factors of 28404.
2, 3, 263
What are the prime factors of 1813?
7, 37
List the prime factors of 20636.
2, 7, 11, 67
What are the prime factors of 1065?
3, 5, 71
List the prime factors of 122367.
3, 7, 5827
What are the prime factors of 4721?
4721
What are the prime factors of 2619?
3, 97
List the prime factors of 12295.
5, 2459
What are the prime factors of 442?
2, 13, 17
List the prime factors of 29556.
2, 3, 821
List the prime factors of 4125.
3, 5, 11
List the prime factors of 963.
3, 107
List the prime factors of 1984.
2, 31
List the prime factors of 2335.
5, 467
What are the prime factors of 57415?
5, 11483
List the prime factors of 2252.
2, 563
List the prime factors of 703.
19, 37
What are the prime factors of 2202?
2, 3, 367
What are the prime factors of 4411?
11, 401
List the prime factors of 7536.
2, 3, 157
List the prime factors of 223.
223
List the prime factors of 30182.
2, 15091
What are the prime factors of 5313?
3, 7, 11, 23
List the prime factors of 24657.
3, 8219
What are the prime factors of 14404?
2, 13, 277
List the prime factors of 9848.
2, 1231
List the prime factors of 30513.
3, 7, 1453
What are the prime factors of 2905?
5, 7, 83
List the prime factors of 341.
11, 31
What are the prime factors of 76428?
2, 3, 11, 193
List the prime factors of 2789.
2789
What are the prime factors of 2456?
2, 307
List the prime factors of 56760.
2, 3, 5, 11, 43
What are the prime factors of 1490?
2, 5, 149
What are the prime factors of 2127?
3, 709
What are the prime factors of 1348?
2, 337
What are the prime factors of 3540?
2, 3, 5, 59
List the prime factors of 5326.
2, 2663
What are the prime factors of 2447?
2447
What are the prime factors of 13588?
2, 43, 79
List the prime factors of 1486.
2, 743
What are the prime factors of 1281?
3, 7, 61
What are the prime factors of 42653?
13, 17, 193
List the prime factors of 2928.
2, 3, 61
List the prime factors of 771.
3, 257
What are the prime factors of 672?
2, 3, 7
What are the prime factors of 3594?
2, 3, 599
List the prime factors of 70419.
3, 23473
List the prime factors of 777.
3, 7, 37
What are the prime factors of 691?
691
What are the prime factors of 12293?
19, 647
What are the prime factors of 5478?
2, 3, 11, 83
List the prime factors of 243.
3
What are the prime factors of 1074?
2, 3, 179
What are the prime factors of 20402?
2, 101
What are the prime factors of 2258?
2, 1129
What are the prime factors of 18294?
2, 3, 3049
List the prime factors of 1794.
2, 3, 13, 23
List the prime factors of 7288.
2, 911
What are the prime factors of 2530?
2, 5, 11, 23
What are the prime factors of 2111?
2111
What are the prime factors of 7619?
19, 401
What are the prime factors of 97426?
2, 7, 6959
What are the prime factors of 3674?
2, 11, 167
What are the prime factors of 762?
2, 3, 127
What are the prime factors of 25957?
101, 257
List the prime factors of 17530.
2, 5, 1753
List the prime factors of 540.
2, 3, 5
List the prime factors of 1179.
3, 131
What are the prime factors of 6498?
2, 3, 19
What are the prime factors of 202?
2, 101
List the prime factors of 28415.
5, 5683
List the prime factors of 5147.
5147
List the prime factors of 1497.
3, 499
What are the prime factors of 1376?
2, 43
List the prime factors of 738.
2, 3, 41
List the prime factors of 1146.
2, 3, 191
What are the prime factors of 45270?
2, 3, 5, 503
What are the prime factors of 50955?
3, 5, 43, 79
List the prime factors of 3663.
3, 11, 37
What are the prime factors of 194103?
3, 7, 13, 79
What are the prime factors of 68845?
5, 7, 281
List the prime factors of 131649.
3, 7, 6269
List the prime factors of 8020.
2, 5, 401
What are the prime factors of 18896?
2, 1181
What are the prime factors of 9564?
2, 3, 797
What are the prime factors of 75?
3, 5
List the prime factors of 240.
2, 3, 5
What are the prime factors of 4203?
3, 467
What are the prime factors of 1015?
5, 7, 29
What are the prime factors of 5925?
3, 5, 79
List the prime factors of 31237.
31237
List the prime factors of 1948.
2, 487
List the prime factors of 371.
7, 53
List the prime factors of 6950.
2, 5, 139
What are the prime factors of 68970?
2, 3, 5, 11, 19
What are the prime factors of 927?
3, 103
List the prime factors of 1932.
2, 3, 7, 23
List the prime factors of 2205.
3, 5, 7
List the prime factors of 581.
7, 83
List the prime factors of 1465.
5, 293
What are the prime factors of 32686?
2, 59, 277
List the prime factors of 16924.
2, 4231
List the prime factors of 1790.
2, 5, 179
List the prime factors of 1250.
2, 5
List the prime factors of 32146.
2, 16073
List the prime factors of 11499.
3, 3833
List the prime factors of 47518.
2, 23, 1033
What are the prime factors of 794?
2, 397
List the prime factors of 8143.
17, 479
What are the prime factors of 26257?
7, 11, 31
List the prime factors of 3200.
2, 5
What are the prime factors of 14364?
2, 3, 7, 19
What are the prime factors of 779?
19, 41
What are the prime factors of 1781?
13, 137
List the prime factors of 6315.
3, 5, 421
List the prime factors of 8071.
7, 1153
List the prime factors of 879.
3, 293
What are the prime factors of 41724?
2, 3, 19, 61
List the prime factors of 65260.
2, 5, 13, 251
What are the prime factors of 168393?
3, 56131
What are the prime factors of 3046?
2, 1523
What are the prime factors of 3407?
3407
List the prime factors of 47480.
2, 5, 1187
What are the prime factors of 6183?
3, 229
What are the prime factors of 2563?
11, 233
What are the prime factors of 3715?
5, 743
What are the prime factors of 2230?
2, 5, 223
What are the prime factors of 1077?
3, 359
List the prime factors of 1159.
19, 61
What are the prime factors of 21526?
2, 47, 229
List the prime factors of 64000.
2, 5
What are the prime factors of 11690?
2, 5, 7, 167
What are the prime factors of 15554?
2, 7, 11, 101
What are the prime factors of 142505?
5, 11, 2591
What are the prime factors of 6217?
6217
List the prime factors of 104935.
5, 31, 677
List the prime factors of 32605.
5, 6521
What are the prime factors of 17165?
5, 3433
W